 the prime factors of 10080373.
1487, 6779
List the prime factors of 3695406.
2, 3, 11, 13, 59, 73
List the prime factors of 8125098.
2, 3, 71, 19073
List the prime factors of 8629935.
3, 5, 31, 67, 277
What are the prime factors of 79726?
2, 39863
What are the prime factors of 453258?
2, 3, 13, 149
What are the prime factors of 154273?
7, 22039
What are the prime factors of 7274935?
5, 1454987
List the prime factors of 296500.
2, 5, 593
What are the prime factors of 167716?
2, 23, 1823
List the prime factors of 266347.
83, 3209
List the prime factors of 12027201.
3, 1481, 2707
List the prime factors of 1306319.
7, 59, 3163
What are the prime factors of 4405087?
353, 12479
List the prime factors of 6653714.
2, 3326857
List the prime factors of 9426704.
2, 7, 17, 4951
What are the prime factors of 6228791?
23, 107, 2531
List the prime factors of 14703288.
2, 3, 612637
What are the prime factors of 2571599?
2571599
List the prime factors of 314497.
314497
List the prime factors of 104748.
2, 3, 7, 29, 43
List the prime factors of 122695.
5, 53, 463
List the prime factors of 4858781.
4858781
List the prime factors of 4001808.
2, 3, 263, 317
What are the prime factors of 1708910?
2, 5, 7, 24413
List the prime factors of 173890.
2, 5, 17389
What are the prime factors of 5197158?
2, 3, 288731
List the prime factors of 930397.
13, 71569
What are the prime factors of 182954?
2, 17, 5381
What are the prime factors of 1643181?
3, 547727
List the prime factors of 22706.
2, 11353
What are the prime factors of 1180892?
2, 37, 79, 101
What are the prime factors of 2075367?
3, 7, 37, 2671
List the prime factors of 34157449.
857, 39857
What are the prime factors of 1353991?
53, 59, 433
What are the prime factors of 588332?
2, 147083
List the prime factors of 10856042.
2, 71, 89, 859
What are the prime factors of 108002?
2, 54001
List the prime factors of 1595688.
2, 3, 17, 3911
What are the prime factors of 1449811?
11, 17, 7753
List the prime factors of 7044.
2, 3, 587
List the prime factors of 466820.
2, 5, 17, 1373
List the prime factors of 2264911.
11, 109, 1889
List the prime factors of 3649638.
2, 3, 608273
List the prime factors of 200591.
200591
What are the prime factors of 11378069?
293, 38833
List the prime factors of 4058950.
2, 5, 7, 11597
List the prime factors of 123785.
5, 19, 1303
List the prime factors of 65800.
2, 5, 7, 47
List the prime factors of 6041564.
2, 1510391
List the prime factors of 94965.
3, 5, 13, 487
What are the prime factors of 1158465?
3, 5, 7, 11, 17, 59
List the prime factors of 69574.
2, 43, 809
List the prime factors of 11600955.
3, 5, 85933
What are the prime factors of 509565?
3, 5, 7, 23, 211
What are the prime factors of 1059220?
2, 5, 211, 251
List the prime factors of 474973.
23, 107, 193
List the prime factors of 21708724.
2, 1913, 2837
What are the prime factors of 132477?
3, 44159
What are the prime factors of 1291948?
2, 7, 46141
What are the prime factors of 383552?
2, 13, 461
List the prime factors of 132740.
2, 5, 6637
List the prime factors of 11688452.
2, 17, 171889
What are the prime factors of 11807368?
2, 349, 4229
What are the prime factors of 7267499?
7267499
List the prime factors of 13757408.
2, 7, 61417
What are the prime factors of 438?
2, 3, 73
What are the prime factors of 3439276?
2, 53, 16223
List the prime factors of 2682097.
11, 19, 41, 313
What are the prime factors of 2315830?
2, 5, 11, 37, 569
List the prime factors of 301001.
23, 569
List the prime factors of 2314327.
41, 47, 1201
List the prime factors of 178073.
7, 25439
What are the prime factors of 1379718?
2, 3, 76651
List the prime factors of 1073453.
197, 5449
List the prime factors of 3639173.
17, 214069
What are the prime factors of 6476916?
2, 3, 539743
What are the prime factors of 2176250?
2, 5, 1741
List the prime factors of 27113491.
1657, 16363
List the prime factors of 3060465.
3, 5, 373, 547
List the prime factors of 455549.
17, 127, 211
List the prime factors of 462807.
3, 61, 281
List the prime factors of 2557547.
61, 41927
What are the prime factors of 20446678?
2, 7, 23, 63499
List the prime factors of 883247.
883247
What are the prime factors of 1097176?
2, 137147
What are the prime factors of 9771842?
2, 317, 15413
What are the prime factors of 9127904?
2, 19, 15013
What are the prime factors of 1026116?
2, 7, 13, 2819
List the prime factors of 925023.
3, 11, 28031
What are the prime factors of 1221307?
31, 39397
What are the prime factors of 5059361?
499, 10139
List the prime factors of 14313546.
2, 3, 13, 61169
What are the prime factors of 1005857?
31, 71, 457
List the prime factors of 7975911.
3, 2658637
List the prime factors of 151772.
2, 19, 1997
What are the prime factors of 313647?
3, 104549
List the prime factors of 3523896.
2, 3, 17, 2879
What are the prime factors of 13419286?
2, 29, 231367
List the prime factors of 12483727.
12483727
List the prime factors of 698243.
7, 13, 7673
What are the prime factors of 4696350?
2, 3, 5, 131, 239
List the prime factors of 871370.
2, 5, 79, 1103
What are the prime factors of 218644?
2, 47, 1163
What are the prime factors of 30676?
2, 7669
List the prime factors of 14702786.
2, 7, 83, 12653
What are the prime factors of 567443?
17, 29, 1151
List the prime factors of 752428.
2, 188107
List the prime factors of 5876773.
7, 839539
List the prime factors of 8325418.
2, 4162709
List the prime factors of 5104673.
7, 19, 5483
What are the prime factors of 11492190?
2, 3, 5, 127691
What are the prime factors of 223042?
2, 111521
List the prime factors of 14303921.
199, 71879
List the prime factors of 6461853.
3, 17, 126703
What are the prime factors of 16349?
16349
List the prime factors of 5054080.
2, 5, 53, 149
What are the prime factors of 1525917?
3, 37, 59, 233
What are the prime factors of 145717?
11, 13, 1019
List the prime factors of 1208419.
19, 63601
List the prime factors of 300693.
3, 113, 887
List the prime factors of 441998.
2, 31, 7129
List the prime factors of 11608447.
11608447
What are the prime factors of 733260?
2, 3, 5, 11, 101
List the prime factors of 10972492.
2, 223, 12301
List the prime factors of 61921.
19, 3259
List the prime factors of 541728.
2, 3, 11, 19
What are the prime factors of 8056222?
2, 43, 113, 829
List the prime factors of 1189012.
2, 11, 61, 443
What are the prime factors of 25154903?
257, 97879
List the prime factors of 13300.
2, 5, 7, 19
What are the prime factors of 3075557?
3075557
List the prime factors of 925182.
2, 3, 5711
What are the prime factors of 586652?
2, 11, 67, 199
List the prime factors of 2590353.
3, 197, 487
What are the prime factors of 3912428?
2, 13, 75239
What are the prime factors of 2069808?
2, 3, 13, 31, 107
What are the prime factors of 191741?
11, 17431
What are the prime factors of 2164587?
3, 721529
What are the prime factors of 162560?
2, 5, 127
What are the prime factors of 193939?
193939
What are the prime factors of 963929?
67, 14387
List the prime factors of 869094.
2, 3, 53, 911
List the prime factors of 1510585.
5, 397, 761
What are the prime factors of 8916188?
2, 41, 54367
What are the prime factors of 9764662?
2, 4882331
What are the prime factors of 8594065?
5, 23, 74731
What are the prime factors of 107828?
2, 7, 3851
List the prime factors of 1022939.
37, 27647
What are the prime factors of 7587753?
3, 2529251
List the prime factors of 1084056.
2, 3, 17, 2657
List the prime factors of 15713641.
37, 424693
List the prime factors of 142710.
2, 3, 5, 67, 71
What are the prime factors of 6690666?
2, 3, 1051, 1061
List the prime factors of 8187388.
2, 11, 73, 2549
List the prime factors of 43246.
2, 7, 3089
List the prime factors of 7059751.
7059751
List the prime factors of 16953800.
2, 5, 103, 823
What are the prime factors of 5561660?
2, 5, 13, 21391
What are the prime factors of 1768919?
19, 157, 593
List the prime factors of 4424548.
2, 1106137
List the prime factors of 6240784.
2, 11, 59, 601
List the prime factors of 801667.
19, 42193
List the prime factors of 1808200.
2, 5, 9041
List the prime factors of 225405.
3, 5, 5009
List the prime factors of 143586.
2, 3, 2659
What are the prime factors of 642968?
2, 179, 449
List the prime factors of 24707696.
2, 13, 118787
List the prime